e b(3). Let k be (1*6)/(a/66). Suppose -3*r + k + 4 = 0. What is the units digit of r?
6
Suppose -5*o = -3 - 7. Let j be 6/9*(o + -8). What is the units digit of 27*j/12*-3?
7
Suppose -12*o = -27*o + 18285. What is the tens digit of o?
1
Let b(o) = o + 10. Let v be b(-7). Let d be v/(-2) + (-6)/(-12). Let h(u) = 4*u**2 + u. What is the units digit of h(d)?
3
Suppose 6*u = 2*u + 4. Let i(c) = -u - 2*c + 2*c + 2*c**3. What is the units digit of i(1)?
1
Suppose -4*m = -0*m - 60. Suppose 2*w + m = 139. What is the units digit of w?
2
Let s(h) = -h - 14. Let q be s(0). Let b = q + 17. Suppose b*n + 9 = 42. What is the units digit of n?
1
Let t be (-4)/(-2) + (145 - 9/3). Let c = t - -68. What is the hundreds digit of c?
2
Suppose -4*l = -8*l + 28. Suppose 4*q = l*q + 558. What is the tens digit of q/(-24)*(3 + 1)?
3
Let f = 26 - 21. Suppose -4*t + 15 + f = 0, 5*w = 4*t + 175. Let o = w + 2. What is the units digit of o?
1
Let w(l) = l**2 - 8*l - 20. Let v be w(13). Let g be (142/(-3))/((-6)/9). Let f = g - v. What is the units digit of f?
6
Let z be (-14)/(-3) - (-8)/24. What is the units digit of ((-8)/(-2) - -1)*z?
5
Suppose 4*g - 5*y - 21512 + 4686 = 0, 0 = 3*g - 5*y - 12622. What is the thousands digit of g?
4
Suppose -7*z + 3947 + 2248 = 0. What is the tens digit of z?
8
Suppose -s + 0*s - 3*f = -6, 4*s - f - 11 = 0. Suppose -s*n + 350 + 16 = 0. What is the tens digit of n?
2
Let u(w) = 1980*w - 55. What is the units digit of u(2)?
5
Let d(z) = -z**3 - 28*z**2 - 9*z - 126. What is the hundreds digit of d(-29)?
9
Let l(v) = -v**3 - 3*v**2 + v + 2. Let h be l(-4). Let r = h - -43. Let g = -31 + r. What is the tens digit of g?
2
What is the hundreds digit of ((-3215)/(-9) - 0) + 18/(-81)?
3
Let k(q) = -20*q**3 + 2*q**2 + 4*q + 3. Let d be k(-2). Let a = -261 + d. Let b = 168 + a. What is the units digit of b?
0
Let o be 6/(-9)*(-6 + (-4 - -7)). Suppose -12 + 4 = -2*n. Suppose o*k - n*k = -d + 63, 3*d = -3*k + 216. What is the tens digit of d?
6
Let c(m) be the first derivative of m**2/2 + 10*m + 3. Let n(g) = 2*g**3 - 3*g**2 - 4*g. Let k be n(3). What is the units digit of c(k)?
5
Suppose 0 = -u + 25 - 2. Suppose -2*q - n + 5 = 3, -q = -5*n - u. What is the units digit of q?
3
Suppose -31*g = -20788 - 199. What is the tens digit of g?
7
Suppose d = 2*d - 10. Suppose -d = -6*m + m. Suppose k - o - 22 = m, 0 = -2*k + o + 51. What is the tens digit of k?
2
Let l = -15 - -19. Suppose -11*r + l*r = -56. What is the units digit of r?
8
Suppose -4*h + 58 + 9 = 5*l, 2*h + 79 = 5*l. Let v be (2 + 0)*l/6. Suppose 2*g - 3*i + 2*i = 113, -v*g = i - 272. What is the tens digit of g?
5
Let j(b) = 16*b**2 + b - 1. Let a(v) = v - 5. Let s be a(10). Let p be -4 + s/10*4. What is the units digit of j(p)?
1
Let z(i) = 9*i - 3. Let k be z(-14). Let l = -25 - k. What is the tens digit of l?
0
Suppose 8 = 6*r - 22. Suppose 817 = r*u - 2*b, 7*b - 3*b + 656 = 4*u. What is the hundreds digit of u?
1
Suppose 2*i - 5*z - 74 = 0, 5*z - 150 = -3*i - 2*i. Suppose 34*l - 4 = i*l. What is the units digit of l?
2
Suppose 5*j - 4*c = 38, 2*j - 19 - 7 = -2*c. Suppose 0 = w + 4*w - j. Suppose -4*u + w*u + 36 = 0. What is the tens digit of u?
1
Let y = -136 - -87. Let i = y + 164. What is the units digit of i?
5
Let w = -49 + 94. Let o be 8 + -3*2 + 2. Suppose -13 + w = o*u. What is the units digit of u?
8
Let c(p) = -194*p + 451. What is the tens digit of c(-8)?
0
Let u(m) = 14*m**2 - 5*m - 11. Let n(v) = -3*v - 7. Let s be n(-1). What is the hundreds digit of u(s)?
2
Suppose 2*y + 66 = 186. Let l = y + -43. Suppose u = -0*u + z + l, u - 33 = -3*z. What is the tens digit of u?
2
Let i(m) = 68*m**2 + 181*m - 15. What is the tens digit of i(-9)?
6
Let h(r) = 4*r**2 - r - 1. Let d be h(-1). Let a be d/(-10) - 164/(-10). Suppose -176 = -4*w - a. What is the units digit of w?
0
Let x be ((-14 + 1)/(-1))/(-1). Let q(s) = -s**3 - 13*s**2 - 9*s - 32. What is the units digit of q(x)?
5
Suppose 0 = 4*c - 5*a - 33, -c + a + 6 = -1. Suppose r + 153 = -c*r. Let h = -14 - r. What is the units digit of h?
7
Let a be 12/(-8)*7/6*-4. Suppose x = 7 - 3. Suppose -x*n + a = 3. What is the units digit of n?
1
Let k = -1117 + 1675. Let i = -359 + k. What is the units digit of i?
9
Suppose -4*g + 24 = -g. Suppose -d - 5*r - 7 - 1 = 0, -90 = -5*d + r. Suppose d = i - g. What is the units digit of i?
5
Suppose 0 = -9*q - 20 - 43. Let f(d) = -10*d - 12. Let v(k) = 11*k + 12. Let p(n) = 4*f(n) + 3*v(n). What is the tens digit of p(q)?
3
Let n = -116 - -198. Suppose -6*v + n + 38 = 0. What is the units digit of v?
0
Suppose 5*k = 5*j - 135, 3*k - 5*k = -4*j + 112. Let c = j - 7. What is the units digit of c?
2
Let s = 19444 - 13602. What is the tens digit of s?
4
Suppose -2*l - 4*r = -34, -3*l + 2*r + r = -15. Suppose -k + 67 + l = 0. What is the units digit of k?
6
Let r = -2 - -4. Suppose r = -2*a + 60. Suppose j - a + 2 = 0. What is the units digit of j?
7
Let j be -2 - (-2 - (2 - -13)). Suppose 13*f - j*f = 0. Suppose 0 = -f*o - o, -5*m - 4*o = -45. What is the units digit of m?
9
Let s be 0 + (-2 - 18/3). Let u = -9 - s. Let q = u + 4. What is the units digit of q?
3
Suppose 0 = -4*q - 5*f + 6203, 21*q + 4*f = 22*q - 1577. What is the tens digit of q?
5
Let d(q) = -q**3 + 7*q**2 - 4*q - 4. Let i be d(4). Let y = i + -22. What is the units digit of y?
6
Let v(f) = 3*f**2 - 5*f - 17. What is the units digit of v(-3)?
5
Let u(d) = -11*d - 3. Let i be u(-2). Let g = 125 + i. What is the hundreds digit of g?
1
What is the units digit of 791/((-18)/(-4) - 4)?
2
Let w = 5 - -3. Let t be (-6)/w - (-771)/4. Suppose 4*j = -2*j + t. What is the units digit of j?
2
Let s = -232 + 362. Let j = s + 52. What is the units digit of j?
2
Suppose 169*a + 10218 = 182*a. What is the tens digit of a?
8
Let t = 25 - -345. Suppose -2*v - 32 = -4*n + t, 0 = 3*n + 5*v - 308. What is the tens digit of n?
0
Let w = 678 + -88. What is the tens digit of w?
9
Suppose -9 = -7*t - 107. What is the units digit of 4/t - (-27)/21?
1
Suppose 11*w + 12 = 8*w. What is the tens digit of (-1)/w - ((-1975)/20 + -2)?
0
Let v(g) = -20*g + 16. Let h be -6 - (-3 - 4/(-4)). What is the tens digit of v(h)?
9
Suppose -5*k + 15*k - 40 = 0. Let w = 93 + k. What is the units digit of w?
7
Let j = -10 - -17. Suppose -j = -s + 77. Suppose t = -3*t + s. What is the tens digit of t?
2
Let r = 29 - 55. Let v be (-4 - 0)*r/8. What is the tens digit of 219/v - 8/(-52)?
1
What is the units digit of 13957/5 + (-12)/30?
1
Suppose l + 14 = 2*l. Let i = 23 - l. What is the tens digit of (84/i)/((-2)/(-6))?
2
Suppose 2*m + 2*v = -v + 2950, -3*m + 4425 = -2*v. What is the hundreds digit of m?
4
Let s = 62 - 60. What is the tens digit of 4*-5*s/(-40)*167?
6
Let x(m) = m**2 - 3*m + 56. Let r = -5 + 5. What is the units digit of x(r)?
6
Suppose -2*x - 3*x = 2700. What is the tens digit of (2/4)/((-5)/x)?
5
Let l(i) = -i - 5. Let m be l(-2). What is the units digit of (-1 - m)*(-86)/(-4)?
3
Let u be 3 - -20 - 5 - (-1)/1. Suppose 14*d = u*d - 565. What is the tens digit of d?
1
Let h = 1271 - 246. What is the units digit of h?
5
Suppose -42*o = -47*o + 3425. What is the units digit of o?
5
Suppose -11 = -s + 11. Let c = 31 - s. What is the units digit of c?
9
Suppose -5*w = 2*q - 8, 13 = 4*q + 4*w - 15. Suppose 5*o + 0*o - 15 = 0. Suppose o*d - q = 15. What is the units digit of d?
8
Let i(c) = 27*c**2 + 33*c + 81. What is the tens digit of i(-6)?
5
Let w be 4/(-5)*(-35)/14. Suppose w*v + 5*g = 169 + 39, -5*v = 2*g - 520. What is the hundreds digit of v?
1
Let a(j) be the second derivative of 7/12*j**4 - 3*j**2 + 0 - 1/20*j**5 - 1/3*j**3 - 5*j. What is the units digit of a(6)?
8
Let l(k) = -k**3 + 13*k**2 + 2*k - 19. Suppose 2*t + 27 = -o - 8, 0 = 3*t + 4*o + 55. Let n be -1 - t - (-7 + 10). What is the units digit of l(n)?
7
Let g be 2/((12/(-172))/3). Let l = 60 - g. What is the units digit of l?
6
Let z = 111 - 213. Let w = -21 - z. What is the tens digit of w?
8
Let x be (-136)/12*(-3)/2. Let q = x - 14. Suppose 0 = -q*n - n + 60. What is the units digit of n?
5
Let q(f) = -f - 119 + 119. Let h be q(-5). Suppose 4*k = h*k - 60. What is the units digit of k?
0
Let x(s) = -s**3 + 21*s**2 + 21*s + 24. Let w be x(22). Suppose -4*k + 57 + 123 = 4*r, 0 = w*r - k - 99. Wh